actors of 65294?
2, 32647
What are the prime factors of 100310?
2, 5, 7, 1433
What are the prime factors of 13798?
2, 6899
List the prime factors of 12239.
12239
What are the prime factors of 19104?
2, 3, 199
List the prime factors of 881.
881
What are the prime factors of 44259?
3, 14753
What are the prime factors of 41566?
2, 7, 2969
What are the prime factors of 920?
2, 5, 23
What are the prime factors of 22069?
29, 761
List the prime factors of 2904.
2, 3, 11
List the prime factors of 2234.
2, 1117
List the prime factors of 10392.
2, 3, 433
List the prime factors of 3159.
3, 13
List the prime factors of 7113.
3, 2371
List the prime factors of 7960.
2, 5, 199
What are the prime factors of 1674?
2, 3, 31
List the prime factors of 2574.
2, 3, 11, 13
What are the prime factors of 402?
2, 3, 67
List the prime factors of 624.
2, 3, 13
What are the prime factors of 23518?
2, 11, 1069
List the prime factors of 1009.
1009
List the prime factors of 91614.
2, 3, 15269
List the prime factors of 41761.
41761
What are the prime factors of 46924?
2, 11731
List the prime factors of 70314.
2, 3, 11719
What are the prime factors of 530?
2, 5, 53
List the prime factors of 1564.
2, 17, 23
List the prime factors of 2650.
2, 5, 53
What are the prime factors of 6865?
5, 1373
What are the prime factors of 18895?
5, 3779
What are the prime factors of 18205?
5, 11, 331
What are the prime factors of 4215?
3, 5, 281
What are the prime factors of 12460?
2, 5, 7, 89
What are the prime factors of 1103?
1103
List the prime factors of 1765.
5, 353
What are the prime factors of 41369?
41, 1009
What are the prime factors of 6355?
5, 31, 41
What are the prime factors of 168331?
168331
What are the prime factors of 1093?
1093
What are the prime factors of 6409?
13, 17, 29
List the prime factors of 8677.
8677
What are the prime factors of 30854?
2, 15427
What are the prime factors of 1986?
2, 3, 331
List the prime factors of 21711.
3, 7237
What are the prime factors of 93485?
5, 7, 2671
What are the prime factors of 97306?
2, 11, 4423
What are the prime factors of 606?
2, 3, 101
What are the prime factors of 1114?
2, 557
List the prime factors of 8000.
2, 5
What are the prime factors of 75768?
2, 3, 7, 11, 41
List the prime factors of 1538.
2, 769
List the prime factors of 1728.
2, 3
What are the prime factors of 50135?
5, 37, 271
What are the prime factors of 9026?
2, 4513
List the prime factors of 30715.
5, 6143
List the prime factors of 240.
2, 3, 5
What are the prime factors of 16082?
2, 11, 17, 43
What are the prime factors of 50945?
5, 23, 443
What are the prime factors of 4908?
2, 3, 409
List the prime factors of 349.
349
List the prime factors of 560.
2, 5, 7
What are the prime factors of 25181?
13, 149
List the prime factors of 2935.
5, 587
What are the prime factors of 534?
2, 3, 89
What are the prime factors of 1121?
19, 59
What are the prime factors of 94?
2, 47
List the prime factors of 6910.
2, 5, 691
List the prime factors of 3830.
2, 5, 383
What are the prime factors of 3123?
3, 347
What are the prime factors of 52334?
2, 137, 191
What are the prime factors of 5922?
2, 3, 7, 47
List the prime factors of 19749.
3, 29, 227
What are the prime factors of 2494?
2, 29, 43
What are the prime factors of 1155?
3, 5, 7, 11
What are the prime factors of 1873?
1873
What are the prime factors of 101891?
101891
What are the prime factors of 11848?
2, 1481
What are the prime factors of 2508?
2, 3, 11, 19
List the prime factors of 9707.
17, 571
What are the prime factors of 654?
2, 3, 109
What are the prime factors of 29359?
11, 17, 157
List the prime factors of 1395.
3, 5, 31
What are the prime factors of 401?
401
What are the prime factors of 471?
3, 157
What are the prime factors of 7822?
2, 3911
What are the prime factors of 188214?
2, 3, 13, 19, 127
List the prime factors of 29037.
3, 9679
What are the prime factors of 97518?
2, 3, 16253
List the prime factors of 308.
2, 7, 11
List the prime factors of 3754.
2, 1877
List the prime factors of 15745.
5, 47, 67
List the prime factors of 32309.
32309
List the prime factors of 1375.
5, 11
What are the prime factors of 17081?
19, 29, 31
What are the prime factors of 4872?
2, 3, 7, 29
What are the prime factors of 21340?
2, 5, 11, 97
What are the prime factors of 26364?
2, 3, 13
List the prime factors of 38177.
38177
What are the prime factors of 64554?
2, 3, 7, 29, 53
List the prime factors of 7104.
2, 3, 37
List the prime factors of 431.
431
List the prime factors of 10605.
3, 5, 7, 101
List the prime factors of 3174.
2, 3, 23
What are the prime factors of 6194?
2, 19, 163
List the prime factors of 1244.
2, 311
List the prime factors of 1658.
2, 829
List the prime factors of 4243.
4243
List the prime factors of 3181.
3181
What are the prime factors of 1779?
3, 593
List the prime factors of 30201.
3, 10067
What are the prime factors of 3859?
17, 227
What are the prime factors of 967?
967
List the prime factors of 522.
2, 3, 29
What are the prime factors of 648?
2, 3
List the prime factors of 4610.
2, 5, 461
What are the prime factors of 137?
137
List the prime factors of 5244.
2, 3, 19, 23
List the prime factors of 2262.
2, 3, 13, 29
List the prime factors of 23364.
2, 3, 11, 59
What are the prime factors of 6671?
7, 953
What are the prime factors of 3692?
2, 13, 71
What are the prime factors of 78391?
277, 283
List the prime factors of 33965.
5, 6793
List the prime factors of 8314.
2, 4157
List the prime factors of 31983.
3, 7, 1523
List the prime factors of 485.
5, 97
List the prime factors of 1036.
2, 7, 37
What are the prime factors of 13964?
2, 3491
List the prime factors of 28519.
19, 79
What are the prime factors of 1124?
2, 281
List the prime factors of 2661.
3, 887
List the prime factors of 4412.
2, 1103
List the prime factors of 5832.
2, 3
List the prime factors of 26662.
2, 13331
What are the prime factors of 7990?
2, 5, 17, 47
What are the prime factors of 19531?
19531
List the prime factors of 43139.
179, 241
List the prime factors of 196927.
196927
List the prime factors of 105958.
2, 31, 1709
What are the prime factors of 32521?
17, 1913
List the prime factors of 20999.
11, 23, 83
List the prime factors of 18213.
3, 13, 467
What are the prime factors of 23772?
2, 3, 7, 283
What are the prime factors of 2582?
2, 1291
What are the prime factors of 332?
2, 83
What are the prime factors of 34811?
7, 4973
What are the prime factors of 17056?
2, 13, 41
What are the prime factors of 10?
2, 5
List the prime factors of 2060.
2, 5, 103
What are the prime factors of 2187?
3
List the prime factors of 23950.
2, 5, 479
What are the prime factors of 1910?
2, 5, 191
List the prime factors of 1721.
1721
List the prime factors of 1140.
2, 3, 5, 19
What are the prime factors of 1989?
3, 13, 17
What are the prime factors of 32698?
2, 16349
What are the prime factors of 7878?
2, 3, 13, 101
What are the prime factors of 107?
107
What are the prime factors of 36600?
2, 3, 5, 61
List the prime factors of 75453.
3, 7, 3593
List the prime factors of 13164.
2, 3, 1097
What are the prime factors of 1002?
2, 3, 167
List the prime factors of 12877.
79, 163
List the prime factors of 19272.
2, 3, 11, 73
What are the prime factors of 6243?
3, 2081
What are the prime factors of 11516?
2, 2879
What are the prime factors of 538?
2, 269
What are the prime factors of 6367?
6367
What are the prime factors of 4796?
2, 11, 109
What are the prime factors of 7194?
2, 3, 11, 109
List the prime factors of 339.
3, 113
List the prime factors of 10740.
2, 3, 5, 179
What are the prime factors of 1819?
17, 107
What are the prime factors of 5944?
2, 743
List the prime factors of 68168.
2, 8521
List the prime factors of 65114.
2, 7, 4651
What are the prime factors of 7709?
13, 593
What are the prime factors of 7011?
3, 19, 41
List the prime factors of 56406.
2, 3, 7, 17, 79
List the prime factors of 8048.
2, 503
What are the prime factors of 2274?
2, 3, 379
What are the prime factors of 42?
2, 3, 7
List the prime factors of 17349.
3, 5783
List the prime factors of 3512.
2, 439
What are the prime factors of 997?
997
What are the prime factors of 20999?
11, 23, 83
List the prime factors of 39834.
2, 3, 2213
What are the prime factors of 26571?
3, 17, 521
What a